e?
False
Is 7042591 a composite number?
True
Is 155757247 prime?
False
Is 14210809 a prime number?
True
Is 21938347 a composite number?
True
Is 203455717 a composite number?
False
Is 66822361 prime?
True
Is 22999247 a prime number?
False
Is 9393949 a composite number?
False
Is 4730849 a prime number?
False
Is 1688443 a prime number?
True
Is 32405 a composite number?
True
Is 284053223 a composite number?
True
Is 3519589 a composite number?
False
Is 3322457 a composite number?
True
Is 58578473 prime?
True
Is 3030581 composite?
False
Is 2620759 a composite number?
True
Is 1519503 composite?
True
Is 3721231 a composite number?
True
Is 17058913 a composite number?
False
Is 58028779 a prime number?
False
Is 18851407 composite?
False
Is 10377637 a prime number?
True
Is 1531643 prime?
False
Is 55063597 a composite number?
False
Is 305926139 composite?
False
Is 23389799 a composite number?
False
Is 43678451 a prime number?
False
Is 508699 a prime number?
False
Is 4875847 prime?
True
Is 308213 a composite number?
False
Is 110313793 a composite number?
False
Is 2248163 composite?
False
Is 8178103 a composite number?
True
Is 652787 a composite number?
False
Is 44407201 a prime number?
False
Is 403082621 prime?
True
Is 545537 composite?
True
Is 538987 composite?
False
Is 24014413 prime?
True
Is 27339913 composite?
True
Is 61179109 prime?
True
Is 3183599 composite?
False
Is 161734669 a composite number?
True
Is 34559221 composite?
True
Is 413098913 a composite number?
True
Is 312967 composite?
False
Is 24132599 a composite number?
False
Is 12951457 composite?
False
Is 96186677 a composite number?
False
Is 547986553 prime?
True
Is 17249 a prime number?
False
Is 80659789 prime?
False
Is 127580489 a prime number?
True
Is 10375021 prime?
False
Is 3037753 prime?
True
Is 7614847 prime?
True
Is 13345823 a prime number?
True
Is 8018851 a prime number?
True
Is 366614 prime?
False
Is 958345 prime?
False
Is 497263981 a prime number?
True
Is 26883079 composite?
True
Is 4940671 a prime number?
True
Is 6585819 composite?
True
Is 163627691 prime?
True
Is 11957665 a composite number?
True
Is 1875218153 a prime number?
True
Is 186928537 prime?
False
Is 28629149 a composite number?
False
Is 651659357 composite?
False
Is 10718201 prime?
False
Is 9309533 a composite number?
True
Is 4890289 a prime number?
True
Is 15687137 composite?
False
Is 3696883 a prime number?
True
Is 2984753 prime?
False
Is 311809 composite?
True
Is 5028703 prime?
True
Is 270738661 a prime number?
False
Is 331439 composite?
True
Is 1487797 a composite number?
False
Is 47559917 a prime number?
True
Is 176925167 composite?
False
Is 8737979 prime?
True
Is 2408177 composite?
True
Is 59813737 prime?
False
Is 14215613 composite?
True
Is 714107 composite?
False
Is 5891261 a composite number?
False
Is 41719319 a prime number?
True
Is 193007999 composite?
False
Is 2671249 composite?
True
Is 2465891 a composite number?
False
Is 1018750087 composite?
False
Is 161823181 a composite number?
True
Is 2723323 a composite number?
False
Is 13119 a prime number?
False
Is 646498969 composite?
False
Is 358886191 a composite number?
True
Is 73726889 a composite number?
False
Is 48274313 composite?
False
Is 8432869 a composite number?
True
Is 19493597 a composite number?
True
Is 476310803 a composite number?
True
Is 44609291 a composite number?
False
Is 14960717 composite?
True
Is 29814646 a prime number?
False
Is 606048557 a prime number?
True
Is 1132847 a prime number?
False
Is 1687265 composite?
True
Is 67655209 prime?
False
Is 7584613 composite?
False
Is 59644985 composite?
True
Is 21542977 a composite number?
False
Is 35113489 composite?
True
Is 5116754 a prime number?
False
Is 152215341 a prime number?
False
Is 607813 prime?
True
Is 2418173 composite?
False
Is 3717869 a prime number?
True
Is 484282229 a prime number?
True
Is 175167281 a composite number?
False
Is 12354673 a prime number?
True
Is 3603815 a composite number?
True
Is 38650837 a prime number?
True
Is 51555157 a composite number?
False
Is 194511617 a composite number?
False
Is 235302701 a prime number?
True
Is 21044557 composite?
False
Is 180109 composite?
True
Is 14764315 composite?
True
Is 2706841 a composite number?
False
Is 37011773 a composite number?
False
Is 49799933 composite?
False
Is 48670442 a prime number?
False
Is 528537 prime?
False
Is 1414079 a composite number?
True
Is 208645 prime?
False
Is 623209 a prime number?
True
Is 139056499 a composite number?
True
Is 138447865 a composite number?
True
Is 19121003 prime?
False
Is 178776973 prime?
True
Is 196111 a prime number?
True
Is 5902889 a composite number?
True
Is 60914857 a prime number?
False
Is 52192403 prime?
False
Is 135496111 a prime number?
True
Is 6193531 a composite number?
True
Is 1372867 composite?
False
Is 248965061 prime?
False
Is 33191 a prime number?
True
Is 2112721 a prime number?
False
Is 37443659 a composite number?
True
Is 18377393 a prime number?
False
Is 199959013 a composite number?
False
Is 74226739 composite?
False
Is 66134699 prime?
False
Is 8768771 composite?
True
Is 6469591 prime?
False
Is 1766137 prime?
True
Is 143456501 prime?
False
Is 1289443 a composite number?
True
Is 49185649 prime?
True
Is 6265198 prime?
False
Is 1591543 a composite number?
True
Is 83757563 a prime number?
True
Is 15267041 prime?
True
Is 2538337 prime?
True
Is 81667847 composite?
True
Is 46155989 a composite number?
True
Is 24294821 prime?
True
Is 2467859 prime?
True
Is 21175267 a composite number?
True
Is 297719 composite?
False
Is 64403069 a composite number?
True
Is 26702119 prime?
True
Is 632167 prime?
False
Is 6390003 a composite number?
True
Is 1948207 a composite number?
True
Is 68992199 a composite number?
False
Is 1270715071 a prime number?
True
Is 9566041 prime?
True
Is 246364319 prime?
True
Is 5431441 prime?
True
Is 21458081 a prime number?
True
Is 22680473 composite?
True
Is 4646617 composite?
False
Is 93029707 a composite number?
False
Is 52249 a composite number?
False
Is 373159 a composite number?
True
Is 37508827 a composite number?
False
Is 511509 prime?
False
Is 3172219 a prime number?
False
Is 35255651 a prime number?
False
Is 1167139 a composite number?
False
Is 72755629 prime?
True
Is 4994065 composite?
True
Is 116273449 prime?
False
Is 39265073 composite?
False
Is 2763931 a composite number?
False
Is 19266073 a composite number?
True
Is 181115647 composite?
False
Is 6848449 composite?
False
Is 76977002 prime?
False
Is 205632773 prime?
True
Is 125051177 a composite number?
False
Is 7391999 composite?
False
Is 39101 a composite number?
True
Is 62815757 prime?
False
Is 19655473 composite?
True
Is 11628809 composite?
False
Is 7249129 a prime number?
True
Is 39923669 a composite number?
False
Is 52267921 a composite number?
True
Is 1129378367 a composite number?
True
Is 14251207 a composite number?
True
Is 3941831 prime?
True
Is 9157123 a prime number?
True
Is 41214791 a prime number?
True
Is 388881833 composite?
False
Is 7754813 prime?
False
Is 29805283 a composite number?
False
Is 58252553 composite?
False
Is 242446951 composite?
False
Is 4126169 a composite number?
True
Is 1025679059 a prime number?
True
Is 2679539 a prime number?
False
Is 19258913 a composite number?
True
Is 379049563 composite?
True
Is 1496179 a prime number?
False
Is 5553029 composite?
False
Is 41053819 a composite number?
True
Is 4580441 a prime number?
True
Is 4318729 a composite number?
False
Is 472247231 prime?
False
Is 1011733 a prime number?
True
Is 41615755 a prime number?
False
Is 205371839 composite?
False
Is 758072741 composite?
True
Is 65545151 prime?
False
Is 53028177 composite?
True
Is 1937891 composite?
False
Is 17881037 a composite number?
True
Is 46055929 prime?
False
Is 14232943 composite?
True
Is 1331507 a prime number?
False
Is 4204091 a composite number?
False
Is 39581011 prime?
True
Is 38012279 a composite number?
False
Is 4183177 a composite number?
False
Is 2294339 prime?
False
Is 32836929 composite?
True
Is 319398139 prime?
True
Is 37376923 composite?
False
Is 1777781 a prime number?
True
Is 760417303 composite?
True
Is 20440763 a prime number?
False
Is 28775653 a composite number?
False
Is 37939103 a composite number?
False
Is 114571 prime?
True
Is 10676929 prime?
False
Is 2079